{"id":13439,"date":"2020-10-20T22:58:26","date_gmt":"2020-10-20T20:58:26","guid":{"rendered":"http:\/\/studioroletka.pl\/?page_id=13439"},"modified":"2023-08-24T14:12:38","modified_gmt":"2023-08-24T12:12:38","slug":"oferta","status":"publish","type":"page","link":"https:\/\/studioroletka.pl\/index.php\/oferta\/","title":{"rendered":"Oferta"},"content":{"rendered":"\t\t<div data-elementor-type=\"wp-page\" data-elementor-id=\"13439\" class=\"elementor elementor-13439\">\n\t\t\t\t\t\t<div class=\"elementor-inner\">\n\t\t\t\t<div class=\"elementor-section-wrap\">\n\t\t\t\t\t\t\t\t\t<section class=\"elementor-section elementor-top-section elementor-element elementor-element-a08204d elementor-section-boxed elementor-section-height-default elementor-section-height-default\" data-id=\"a08204d\" data-element_type=\"section\">\n\t\t\t\t\t\t<div class=\"elementor-container elementor-column-gap-default\">\n\t\t\t\t\t\t\t<div class=\"elementor-row\">\n\t\t\t\t\t<div class=\"elementor-column elementor-col-100 elementor-top-column elementor-element elementor-element-1f8294c\" data-id=\"1f8294c\" data-element_type=\"column\">\n\t\t\t<div class=\"elementor-column-wrap elementor-element-populated\">\n\t\t\t\t\t\t\t<div class=\"elementor-widget-wrap\">\n\t\t\t\t\t\t<div class=\"elementor-element elementor-element-b3e98cc elementor-widget elementor-widget-pix-badge\" data-id=\"b3e98cc\" data-element_type=\"widget\" data-widget_type=\"pix-badge.default\">\n\t\t\t\t<div class=\"elementor-widget-container\">\n\t\t\t<h6 class=\"d-inline-block mr-1 \"  ><span class=\"badge font-weight-bold bg-orange  \" style=\" \"><span class=\"text-white\" style=\"\">Oferta<\/span><\/span><\/h6>\t\t<\/div>\n\t\t\t\t<\/div>\n\t\t\t\t\t\t<\/div>\n\t\t\t\t\t<\/div>\n\t\t<\/div>\n\t\t\t\t\t\t\t\t<\/div>\n\t\t\t\t\t<\/div>\n\t\t<\/section>\n\t\t\t\t<section class=\"elementor-section elementor-top-section elementor-element elementor-element-730a841 elementor-section-boxed elementor-section-height-default elementor-section-height-default\" data-id=\"730a841\" data-element_type=\"section\">\n\t\t\t\t\t\t<div class=\"elementor-container elementor-column-gap-default\">\n\t\t\t\t\t\t\t<div class=\"elementor-row\">\n\t\t\t\t\t<div class=\"elementor-column elementor-col-50 elementor-top-column elementor-element elementor-element-644d318\" data-id=\"644d318\" data-element_type=\"column\">\n\t\t\t<div class=\"elementor-column-wrap elementor-element-populated\">\n\t\t\t\t\t\t\t<div class=\"elementor-widget-wrap\">\n\t\t\t\t\t\t<div class=\"elementor-element elementor-element-81b736d elementor-invisible elementor-widget elementor-widget-pix-promo-box\" data-id=\"81b736d\" data-element_type=\"widget\" data-widget_type=\"pix-promo-box.default\">\n\t\t\t\t<div class=\"elementor-widget-container\">\n\t\t\t<div class=\"animate-in d-inline-block w-100\" data-anim-type=\"fade-in-right-big\" data-anim-delay=\"0\"><div class=\"card w-100 h-100 bg-black  pix-hover-item rounded-lg position-relative overflow-hidden text-white   text-left w-100 d-inline-block\"  data-anim-type=\"fade-in-right-big\" data-anim-delay=\"0\" >\n\t\t  <img decoding=\"async\" src=\"https:\/\/studioroletka.pl\/wp-content\/uploads\/2020\/10\/rolety_d_n.jpg\" class=\"card-img pix-bg-image pix-img-scale h-100 pix-opacity-6 pix-hover-opacity-8\" alt=\"Rolety Dzie\u0144 Noc\">\n\t\t  <a href=\"http:\/\/studioroletka.pl\/index.php\/rolety-dzien-noc-3\/\"  class=\"card-img-overlay2 d-inline-block w-100 pix-img-overlay pix-p-20 d-flex align-items-end\" style=\"min-height:300px;\">\n\t\t  \t<div><h5 class=\"card-title font-weight-bold text-white pix-my-10\" style=\"\">Rolety Dzie\u0144 Noc<\/h5><span class=\"d-flex align-items-center font-weight-bold text-white text-18\" ><span>czytaj wi\u0119cej<\/span><i class=\"pixicon-angle-right pix-hover-right pix-hover-item pix-ml-10 font-weight-bold text-20\"><\/i><\/span>\n\t\t\t<\/div>\n\t\t  <\/a>\n\t\t<\/div><\/div>\t\t<\/div>\n\t\t\t\t<\/div>\n\t\t\t\t<div class=\"elementor-element elementor-element-5967aaa elementor-widget elementor-widget-text-editor\" data-id=\"5967aaa\" data-element_type=\"widget\" data-widget_type=\"text-editor.default\">\n\t\t\t\t<div class=\"elementor-widget-container\">\n\t\t\t\t\t\t\t\t<div class=\"elementor-text-editor elementor-clearfix\">\n\t\t\t\t<p style=\"text-align: center;\">Rolety dzie\u0144 noc charakteryzuj\u0105 si\u0119 poziomymi pasami, kt\u00f3re tworz\u0105 doskona\u0142y kompromis pomi\u0119dzy elegancj\u0105 a praktyczno\u015bci\u0105.<\/p>\t\t\t\t\t<\/div>\n\t\t\t\t\t\t<\/div>\n\t\t\t\t<\/div>\n\t\t\t\t\t\t<\/div>\n\t\t\t\t\t<\/div>\n\t\t<\/div>\n\t\t\t\t<div class=\"elementor-column elementor-col-50 elementor-top-column elementor-element elementor-element-5dc8209\" data-id=\"5dc8209\" data-element_type=\"column\">\n\t\t\t<div class=\"elementor-column-wrap elementor-element-populated\">\n\t\t\t\t\t\t\t<div class=\"elementor-widget-wrap\">\n\t\t\t\t\t\t<div class=\"elementor-element elementor-element-8b58bfe elementor-invisible elementor-widget elementor-widget-pix-promo-box\" data-id=\"8b58bfe\" data-element_type=\"widget\" data-widget_type=\"pix-promo-box.default\">\n\t\t\t\t<div class=\"elementor-widget-container\">\n\t\t\t<div class=\"animate-in d-inline-block w-100\" data-anim-type=\"fade-in-right-big\" data-anim-delay=\"0\"><div class=\"card w-100 h-100 bg-black  pix-hover-item rounded-lg position-relative overflow-hidden text-white   text-left w-100 d-inline-block\"  data-anim-type=\"fade-in-right-big\" data-anim-delay=\"0\" >\n\t\t  <img decoding=\"async\" src=\"https:\/\/studioroletka.pl\/wp-content\/uploads\/2020\/10\/slider_rolety__materialowe-e1692878651781.jpg\" class=\"card-img pix-bg-image pix-img-scale h-100 pix-opacity-6 pix-hover-opacity-8\" alt=\"Rolety G\u0142adkie\">\n\t\t  <a href=\"http:\/\/studioroletka.pl\/index.php\/rolety-materialowe-2\/\"  class=\"card-img-overlay2 d-inline-block w-100 pix-img-overlay pix-p-20 d-flex align-items-end\" style=\"min-height:300px;\">\n\t\t  \t<div><h5 class=\"card-title font-weight-bold text-white pix-my-10\" style=\"\">Rolety G\u0142adkie<\/h5><span class=\"d-flex align-items-center font-weight-bold text-white text-18\" ><span>czytaj wi\u0119cej<\/span><i class=\"pixicon-angle-right pix-hover-right pix-hover-item pix-ml-10 font-weight-bold text-20\"><\/i><\/span>\n\t\t\t<\/div>\n\t\t  <\/a>\n\t\t<\/div><\/div>\t\t<\/div>\n\t\t\t\t<\/div>\n\t\t\t\t<div class=\"elementor-element elementor-element-74db8ab elementor-widget elementor-widget-text-editor\" data-id=\"74db8ab\" data-element_type=\"widget\" data-widget_type=\"text-editor.default\">\n\t\t\t\t<div class=\"elementor-widget-container\">\n\t\t\t\t\t\t\t\t<div class=\"elementor-text-editor elementor-clearfix\">\n\t\t\t\t<p style=\"text-align: center;\">Klasycznym rozwi\u0105zaniem s\u0105 rolety materia\u0142owe, g\u0142adkie. W ofercie s\u0105 dost\u0119pne r\u00f3wnie\u017c w wersji zaciemniaj\u0105cej oraz odbijaj\u0105cej \u015bwiat\u0142o.<\/p>\t\t\t\t\t<\/div>\n\t\t\t\t\t\t<\/div>\n\t\t\t\t<\/div>\n\t\t\t\t\t\t<\/div>\n\t\t\t\t\t<\/div>\n\t\t<\/div>\n\t\t\t\t\t\t\t\t<\/div>\n\t\t\t\t\t<\/div>\n\t\t<\/section>\n\t\t\t\t<section class=\"elementor-section elementor-top-section elementor-element elementor-element-cd69c37 elementor-section-boxed elementor-section-height-default elementor-section-height-default\" data-id=\"cd69c37\" data-element_type=\"section\">\n\t\t\t\t\t\t<div class=\"elementor-container elementor-column-gap-default\">\n\t\t\t\t\t\t\t<div class=\"elementor-row\">\n\t\t\t\t\t<div class=\"elementor-column elementor-col-50 elementor-top-column elementor-element elementor-element-7b2483d\" data-id=\"7b2483d\" data-element_type=\"column\">\n\t\t\t<div class=\"elementor-column-wrap elementor-element-populated\">\n\t\t\t\t\t\t\t<div class=\"elementor-widget-wrap\">\n\t\t\t\t\t\t<div class=\"elementor-element elementor-element-826afd2 elementor-invisible elementor-widget elementor-widget-pix-promo-box\" data-id=\"826afd2\" data-element_type=\"widget\" data-widget_type=\"pix-promo-box.default\">\n\t\t\t\t<div class=\"elementor-widget-container\">\n\t\t\t<div class=\"animate-in d-inline-block w-100\" data-anim-type=\"fade-in-right-big\" data-anim-delay=\"0\"><div class=\"card w-100 h-100 bg-black  pix-hover-item rounded-lg position-relative overflow-hidden text-white   text-left w-100 d-inline-block\"  data-anim-type=\"fade-in-right-big\" data-anim-delay=\"0\" >\n\t\t  <img decoding=\"async\" src=\"https:\/\/studioroletka.pl\/wp-content\/uploads\/2020\/10\/moskitiera_ram.jpeg\" class=\"card-img pix-bg-image pix-img-scale h-100 pix-opacity-6 pix-hover-opacity-8\" alt=\"Moskitiery\">\n\t\t  <a href=\"http:\/\/studioroletka.pl\/index.php\/moskitiery-3\/\"  class=\"card-img-overlay2 d-inline-block w-100 pix-img-overlay pix-p-20 d-flex align-items-end\" style=\"min-height:300px;\">\n\t\t  \t<div><h5 class=\"card-title font-weight-bold text-white pix-my-10\" style=\"\">Moskitiery<\/h5><span class=\"d-flex align-items-center font-weight-bold text-white text-18\" ><span>czytaj wi\u0119cej<\/span><i class=\"pixicon-angle-right pix-hover-right pix-hover-item pix-ml-10 font-weight-bold text-20\"><\/i><\/span>\n\t\t\t<\/div>\n\t\t  <\/a>\n\t\t<\/div><\/div>\t\t<\/div>\n\t\t\t\t<\/div>\n\t\t\t\t<div class=\"elementor-element elementor-element-750ff5e elementor-widget elementor-widget-text-editor\" data-id=\"750ff5e\" data-element_type=\"widget\" data-widget_type=\"text-editor.default\">\n\t\t\t\t<div class=\"elementor-widget-container\">\n\t\t\t\t\t\t\t\t<div class=\"elementor-text-editor elementor-clearfix\">\n\t\t\t\t<p style=\"text-align: center;\">Je\u017celi masz do\u015b\u0107 insekt\u00f3w w swoim mieszkaniu to moskitiery w systemie ramkowym rozwi\u0105\u017c\u0105 ten problem.<\/p>\t\t\t\t\t<\/div>\n\t\t\t\t\t\t<\/div>\n\t\t\t\t<\/div>\n\t\t\t\t\t\t<\/div>\n\t\t\t\t\t<\/div>\n\t\t<\/div>\n\t\t\t\t<div class=\"elementor-column elementor-col-50 elementor-top-column elementor-element elementor-element-b75f5f4\" data-id=\"b75f5f4\" data-element_type=\"column\">\n\t\t\t<div class=\"elementor-column-wrap elementor-element-populated\">\n\t\t\t\t\t\t\t<div class=\"elementor-widget-wrap\">\n\t\t\t\t\t\t<div class=\"elementor-element elementor-element-0bcb40c elementor-invisible elementor-widget elementor-widget-pix-promo-box\" data-id=\"0bcb40c\" data-element_type=\"widget\" data-widget_type=\"pix-promo-box.default\">\n\t\t\t\t<div class=\"elementor-widget-container\">\n\t\t\t<div class=\"animate-in d-inline-block w-100\" data-anim-type=\"fade-in-right-big\" data-anim-delay=\"0\"><div class=\"card w-100 h-100 bg-black  pix-hover-item rounded-lg position-relative overflow-hidden text-white   text-left w-100 d-inline-block\"  data-anim-type=\"fade-in-right-big\" data-anim-delay=\"0\" >\n\t\t  <img decoding=\"async\" src=\"https:\/\/studioroletka.pl\/wp-content\/uploads\/2020\/10\/slider_rolety_dachowe-scaled-e1692878754286.jpg\" class=\"card-img pix-bg-image pix-img-scale h-100 pix-opacity-6 pix-hover-opacity-8\" alt=\"Rolety Dachowe\">\n\t\t  <a href=\"http:\/\/studioroletka.pl\/index.php\/rolety-dachowe\/\"  class=\"card-img-overlay2 d-inline-block w-100 pix-img-overlay pix-p-20 d-flex align-items-end\" style=\"min-height:300px;\">\n\t\t  \t<div><h5 class=\"card-title font-weight-bold text-white pix-my-10\" style=\"\">Rolety Dachowe<\/h5><span class=\"d-flex align-items-center font-weight-bold text-white text-18\" ><span>czytaj wi\u0119cej<\/span><i class=\"pixicon-angle-right pix-hover-right pix-hover-item pix-ml-10 font-weight-bold text-20\"><\/i><\/span>\n\t\t\t<\/div>\n\t\t  <\/a>\n\t\t<\/div><\/div>\t\t<\/div>\n\t\t\t\t<\/div>\n\t\t\t\t<div class=\"elementor-element elementor-element-1dac01a elementor-widget elementor-widget-text-editor\" data-id=\"1dac01a\" data-element_type=\"widget\" data-widget_type=\"text-editor.default\">\n\t\t\t\t<div class=\"elementor-widget-container\">\n\t\t\t\t\t\t\t\t<div class=\"elementor-text-editor elementor-clearfix\">\n\t\t\t\t<p style=\"text-align: center;\">Rolety dachowe doskonale sprawdz\u0105 si\u0119 w u\u017cytkowym pomieszczeniu na poddaszu do kt\u00f3rego dociera za du\u017co \u015bwiat\u0142a.<\/p>\t\t\t\t\t<\/div>\n\t\t\t\t\t\t<\/div>\n\t\t\t\t<\/div>\n\t\t\t\t\t\t<\/div>\n\t\t\t\t\t<\/div>\n\t\t<\/div>\n\t\t\t\t\t\t\t\t<\/div>\n\t\t\t\t\t<\/div>\n\t\t<\/section>\n\t\t\t\t<section class=\"elementor-section elementor-top-section elementor-element elementor-element-b51a01b elementor-section-boxed elementor-section-height-default elementor-section-height-default\" data-id=\"b51a01b\" data-element_type=\"section\">\n\t\t\t\t\t\t<div class=\"elementor-container elementor-column-gap-default\">\n\t\t\t\t\t\t\t<div class=\"elementor-row\">\n\t\t\t\t\t<div class=\"elementor-column elementor-col-100 elementor-top-column elementor-element elementor-element-71061be\" data-id=\"71061be\" data-element_type=\"column\">\n\t\t\t<div class=\"elementor-column-wrap elementor-element-populated\">\n\t\t\t\t\t\t\t<div class=\"elementor-widget-wrap\">\n\t\t\t\t\t\t<div class=\"elementor-element elementor-element-6ec4115 elementor-widget elementor-widget-spacer\" data-id=\"6ec4115\" data-element_type=\"widget\" data-widget_type=\"spacer.default\">\n\t\t\t\t<div class=\"elementor-widget-container\">\n\t\t\t\t\t<div class=\"elementor-spacer\">\n\t\t\t<div class=\"elementor-spacer-inner\"><\/div>\n\t\t<\/div>\n\t\t\t\t<\/div>\n\t\t\t\t<\/div>\n\t\t\t\t\t\t<\/div>\n\t\t\t\t\t<\/div>\n\t\t<\/div>\n\t\t\t\t\t\t\t\t<\/div>\n\t\t\t\t\t<\/div>\n\t\t<\/section>\n\t\t\t\t\t\t\t\t\t<\/div>\n\t\t\t<\/div>\n\t\t\t\t\t<\/div>\n\t\t","protected":false},"excerpt":{"rendered":"<p>Oferta Rolety Dzie\u0144 Noc czytaj wi\u0119cej Rolety dzie\u0144 noc charakteryzuj\u0105 si\u0119 poziomymi pasami, kt\u00f3re tworz\u0105 doskona\u0142y kompromis pomi\u0119dzy elegancj\u0105 a praktyczno\u015bci\u0105. Rolety G\u0142adkie czytaj wi\u0119cej Klasycznym rozwi\u0105zaniem s\u0105 rolety materia\u0142owe, g\u0142adkie. W ofercie s\u0105 dost\u0119pne r\u00f3wnie\u017c w wersji zaciemniaj\u0105cej oraz&#8230;<\/p>\n","protected":false},"author":3,"featured_media":0,"parent":0,"menu_order":0,"comment_status":"closed","ping_status":"closed","template":"","meta":[],"_links":{"self":[{"href":"https:\/\/studioroletka.pl\/index.php\/wp-json\/wp\/v2\/pages\/13439"}],"collection":[{"href":"https:\/\/studioroletka.pl\/index.php\/wp-json\/wp\/v2\/pages"}],"about":[{"href":"https:\/\/studioroletka.pl\/index.php\/wp-json\/wp\/v2\/types\/page"}],"author":[{"embeddable":true,"href":"https:\/\/studioroletka.pl\/index.php\/wp-json\/wp\/v2\/users\/3"}],"replies":[{"embeddable":true,"href":"https:\/\/studioroletka.pl\/index.php\/wp-json\/wp\/v2\/comments?post=13439"}],"version-history":[{"count":43,"href":"https:\/\/studioroletka.pl\/index.php\/wp-json\/wp\/v2\/pages\/13439\/revisions"}],"predecessor-version":[{"id":14426,"href":"https:\/\/studioroletka.pl\/index.php\/wp-json\/wp\/v2\/pages\/13439\/revisions\/14426"}],"wp:attachment":[{"href":"https:\/\/studioroletka.pl\/index.php\/wp-json\/wp\/v2\/media?parent=13439"}],"curies":[{"name":"wp","href":"https:\/\/api.w.org\/{rel}","templated":true}]}}